{"id":119,"date":"2022-01-13T10:17:59","date_gmt":"2022-01-13T10:17:59","guid":{"rendered":"https:\/\/showmasters.de\/?page_id=119"},"modified":"2026-04-02T08:50:07","modified_gmt":"2026-04-02T08:50:07","slug":"startseite","status":"publish","type":"page","link":"https:\/\/showmasters.de\/","title":{"rendered":"Startseite"},"content":{"rendered":"\n<figure class=\"wp-block-image alignwide size-large\"><img loading=\"lazy\" decoding=\"async\" width=\"726\" height=\"1024\" src=\"https:\/\/showmasters.de\/wp-content\/uploads\/2026\/03\/Bildschirmfoto-2026-03-16-um-11.12.52-726x1024.png\" alt=\"\" class=\"wp-image-236\" srcset=\"https:\/\/showmasters.de\/wp-content\/uploads\/2026\/03\/Bildschirmfoto-2026-03-16-um-11.12.52-726x1024.png 726w, https:\/\/showmasters.de\/wp-content\/uploads\/2026\/03\/Bildschirmfoto-2026-03-16-um-11.12.52-213x300.png 213w, https:\/\/showmasters.de\/wp-content\/uploads\/2026\/03\/Bildschirmfoto-2026-03-16-um-11.12.52-768x1083.png 768w, https:\/\/showmasters.de\/wp-content\/uploads\/2026\/03\/Bildschirmfoto-2026-03-16-um-11.12.52-540x761.png 540w, https:\/\/showmasters.de\/wp-content\/uploads\/2026\/03\/Bildschirmfoto-2026-03-16-um-11.12.52.png 962w\" sizes=\"auto, (max-width: 726px) 100vw, 726px\" \/><\/figure>\n\n\n\n<p class=\"has-small-font-size wp-block-paragraph\"><\/p>\n\n\n\n<h2 class=\"wp-block-heading has-normal-font-size\">16+17. Mai 2027 \/\/ Live Show in der <a href=\"https:\/\/www.kunstkulturquartier.de\/tafelhalle\" data-type=\"link\" data-id=\"https:\/\/www.kunstkulturquartier.de\/tafelhalle\">Tafelhalle N\u00fcrnberg<\/a><\/h2>\n\n\n\n<h2 class=\"wp-block-heading\"><strong>LET\u2019S PLAY SHOWMASTERS <\/strong><\/h2>\n\n\n\n<h2 class=\"wp-block-heading has-larger-font-size\"><strong>DIE VIDEOSPIEL LATE-NIGHT-SHOW MIT LIVE-MUSIK<\/strong><\/h2>\n\n\n\n<p class=\"has-accent-color has-text-color has-link-color has-large-font-size wp-elements-fce6788e2d42afdf9c72aec9b367f8b5 wp-block-paragraph\"><a href=\"https:\/\/www.datev.de\/web\/de\/startseite\/startseite-n\/\" data-type=\"link\" data-id=\"https:\/\/www.datev.de\/web\/de\/startseite\/startseite-n\/\">Powered by DATEV<\/a><\/p>\n\n\n\n<p class=\"wp-block-paragraph\">&#8222;Let\u00b4s Play Showmasters&#8220; bringt das digitale Format des Let\u2019s Play auf die Theaterb\u00fchne. In den Live-Shows begleitet das Studiopublikum die Moderatorin und Gamemasterin Greta C\u0103linescu, die den mittelguten Gamer Tim Steinheimer durch vielf\u00e4ltige und sorgsam kuratierte Videospielwelten leitet. Die gespielten Abschnitte zeichnen sich durch kreatives Gameplay, visuelle \u00c4sthetik und erz\u00e4hlerische Raffinesse aus. Und: An beiden Abenden werden unterschiedliche Videospiele gespielt &#8211; mehrfach kommen lohnt sich!<\/p>\n\n\n\n<p class=\"wp-block-paragraph\">Eine besondere Rolle spielt die vierk\u00f6pfige Live-Band (Ferdinand Roscher, Julia Fischer, Luna Burkert, Domi Back), die in Echtzeit zur Atmosph\u00e4re des Spiels improvisiert und damit nicht nur f\u00fcr musikalische \u00dcberraschungen sorgt, sondern das Spielerlebnis intensiviert &#8211; denn die originale Spielmusik ist ausgeschaltet. Auch das Publikum wird aktiv eingebunden und kann \u00fcber Entscheidungen abstimmen oder lautstark Tipps geben. Sketche und Einspieler unterbrechen und erweitern das Spielgeschehen &#8211; von absurden Gastauftritten bis zu skurrilen Showeinlagen.<\/p>\n\n\n\n<p class=\"wp-block-paragraph\">All diese Elemente werden gekonnt miteinander verwoben und bieten sowohl f\u00fcr Fans von Videospielen, Late-Night-Unterhaltung und Live-Musik als auch f\u00fcr alle, die bisher nichts mit Gaming zu tun hatten, einen Abend voller showreifem Quatsch und musikalischer Virtuosit\u00e4t.<\/p>\n\n\n\n<div class=\"wp-block-uagb-image aligncenter uagb-block-117ee6cd wp-block-uagb-image--layout-default wp-block-uagb-image--effect-static wp-block-uagb-image--align-center\"><figure class=\"wp-block-uagb-image__figure\"><img decoding=\"async\" srcset=\"https:\/\/showmasters.de\/wp-content\/uploads\/2026\/03\/DSCF6605-1-683x1024.jpg ,https:\/\/showmasters.de\/wp-content\/uploads\/2026\/03\/DSCF6605-1.jpg 780w, https:\/\/showmasters.de\/wp-content\/uploads\/2026\/03\/DSCF6605-1.jpg 360w\" sizes=\"auto, (max-width: 480px) 150px\" src=\"https:\/\/showmasters.de\/wp-content\/uploads\/2026\/03\/DSCF6605-1-683x1024.jpg\" alt=\"\" class=\"uag-image-240\" width=\"1024\" height=\"683\" title=\"DSCF6605\" loading=\"lazy\" role=\"img\"\/><\/figure><\/div>\n\n\n\n<h2 class=\"wp-block-heading\"><strong>TEAM<\/strong><\/h2>\n\n\n\n<p class=\"wp-block-paragraph\"><\/p>\n\n\n\n<ul class=\"wp-block-list\">\n<li><strong>Moderation &amp; Gamemaster:<\/strong> Greta C\u0103linescu<\/li>\n\n\n\n<li><strong>Moderation, Gaming-Kandidat &amp; Autor:<\/strong> Tim Steinheimer<\/li>\n\n\n\n<li><strong>Live-Band:<\/strong>\n<ul class=\"wp-block-list\">\n<li>Julia Fischer (Keys)<\/li>\n\n\n\n<li>Ferdinand Roscher (Kontrabass)<\/li>\n\n\n\n<li>Luna Burkert (Querfl\u00f6te)<\/li>\n\n\n\n<li>Domi Back (Schlagzeug)<\/li>\n<\/ul>\n<\/li>\n\n\n\n<li><strong>Produktion, Games-Redaktion &amp; Autor:<\/strong> Tim Rosentreter<\/li>\n\n\n\n<li><strong>B\u00fchne, Kost\u00fcm, Autorin: <\/strong>Zo\u00e9 Philine Leduey\u00a0<\/li>\n\n\n\n<li><strong>Games-Redaktion: <\/strong>Kerstin Oppermann<\/li>\n\n\n\n<li><strong>Autorin, Assistenz: <\/strong>Elske Beckmann<\/li>\n\n\n\n<li><strong>Assistenz Ausstattung:<\/strong> Lotta Sturm und Daina Kasperowitsch<\/li>\n<\/ul>\n\n\n\n<h2 class=\"wp-block-heading\"><strong>F\u00f6rderhinweise<\/strong><\/h2>\n\n\n\n<p class=\"wp-block-paragraph\">In Kooperation mit dem K\u00fcnstlerhaus N\u00fcrnberg. Gef\u00f6rdert und erm\u00f6glicht mit einem exklusiven Titel-Sponsoring der DATEV eG. Au\u00dferdem gef\u00f6rdert von der Kulturstiftung Sparkasse N\u00fcrnberg und , der Stadt N\u00fcrnberg. Mit freundlicher Unterst\u00fctzung des Staatstheaters N\u00fcrnberg, dem GENTLEMACHINE und dem curt Kulturmagazin. Vielen Dank!<br><\/p>\n\n\n\n<h2 class=\"wp-block-heading\"><strong>Altersfreigaben<\/strong><\/h2>\n\n\n\n<p class=\"wp-block-paragraph\">16. Mai: USK 18 \/\/ 17 Mai: USK 12<\/p>\n\n\n\n<div style=\"height:70px\" aria-hidden=\"true\" class=\"wp-block-spacer\"><\/div>\n\n\n\n<h1 id=\"team\" class=\"wp-block-heading\"><strong>Team<\/strong><\/h1>\n\n\n\n<p class=\"wp-block-paragraph\">The Showmasters verstehen sich als ein Netzwerk, das Kompetenzen und Interessen der Bereiche Theater, Medien, Gaming und bildender Kunst vereint. Die gemeinsamen Interessen liegen im kritischen Hybridisieren, Verschneiden und Mutieren von Showformaten. Let\u2019s Play Showmasters wurde mit einem Team aus 20 Personen aus den kulturwissenschaftlichen Studieng\u00e4ngen in Hildesheim entwickelt und seit 2017 bereits in verschiedenen Formen umgesetzt.<br>Neben dem Deutschen Multimediapreis 2019 (Zitat: \u201eDer Nimbus 2000 unter den Games-Shows!\u201c) wurde das Team 2021 von der Bundesregierung als Kultur- und Kreativpilot*innen ausgezeichnet.<\/p>\n\n\n\n<p class=\"wp-block-paragraph\">Das Kernteam bilden Zo\u00e9 Philine Leduey, Tim Rosentreter und Tim Steinheimer. Zo\u00e9 Philine Leduey arbeitet ma\u00dfgeblich als Kost\u00fcmbildnerin f\u00fcr Film, Theater, Tanz und Performances. Zo\u00e9 ist meisst zwischen Theorie und Arbeitspraxis, Pailetten und Patina oder Halle und Hamburg zu finden. Derzeit forscht sie in ihrer Masterarbeit an der Burg Giebichenstein Halle zu Ph\u00e4nomenen im Mode- und Kost\u00fcmdesign die sich an der Schnittstelle von Inszenierung und Authentizit\u00e4t befinden. <\/p>\n\n\n\n<p class=\"wp-block-paragraph\">Tim Rosentreter verdingt sich als Produktionsleiter f\u00fcr alle Formate zwischen Tanz, Theater &amp; Performance und pflegt gleichzeitig seine Leidenschaften f\u00fcr Popkultur &amp; Gaming entweder als Podcaster bei Hidden Gems oder als Gaming-Redakteur bei den Showmasters. Dabei pendelt er zwischen www und Leipzig-Altlindenau.<\/p>\n\n\n\n<p class=\"wp-block-paragraph\"><br>Tim Steinheimer spielt Bass bei den Bands Disco Dolphins, Average Pizza sowie Gymmick &amp; die Erben und engagiert sich ehrenamtlich beim Br\u00fcckenfestival N\u00fcrnberg. Am Staatstheater N\u00fcrnberg moderiert er zusammen mit Greta C\u0103linescu das Format Shownado &#8211; Halten Sie sich fest!. Zudem ist er Content Creator f\u00fcr das Stadtmagazin curt, DJ und Kultur-Taschenmesser.<\/p>\n\n\n\n<figure class=\"wp-block-image size-large\"><img loading=\"lazy\" decoding=\"async\" width=\"683\" height=\"1024\" src=\"https:\/\/showmasters.de\/wp-content\/uploads\/2026\/03\/DSCF6863-683x1024.jpg\" alt=\"\" class=\"wp-image-237\" srcset=\"https:\/\/showmasters.de\/wp-content\/uploads\/2026\/03\/DSCF6863-683x1024.jpg 683w, https:\/\/showmasters.de\/wp-content\/uploads\/2026\/03\/DSCF6863-200x300.jpg 200w, https:\/\/showmasters.de\/wp-content\/uploads\/2026\/03\/DSCF6863-768x1152.jpg 768w, https:\/\/showmasters.de\/wp-content\/uploads\/2026\/03\/DSCF6863-1024x1536.jpg 1024w, https:\/\/showmasters.de\/wp-content\/uploads\/2026\/03\/DSCF6863-1365x2048.jpg 1365w, https:\/\/showmasters.de\/wp-content\/uploads\/2026\/03\/DSCF6863-540x810.jpg 540w, https:\/\/showmasters.de\/wp-content\/uploads\/2026\/03\/DSCF6863-1080x1620.jpg 1080w, https:\/\/showmasters.de\/wp-content\/uploads\/2026\/03\/DSCF6863-1980x2970.jpg 1980w, https:\/\/showmasters.de\/wp-content\/uploads\/2026\/03\/DSCF6863-scaled.jpg 1707w\" sizes=\"auto, (max-width: 683px) 100vw, 683px\" \/><figcaption class=\"wp-element-caption\">Foto: Tatjana Hub <a href=\"https:\/\/www.instagram.com\/ein.portrait\/\" data-type=\"URL\" data-id=\"https:\/\/www.instagram.com\/ein.portrait\/\">@einportrait<\/a><\/figcaption><\/figure>\n\n\n\n<h1 id=\"shows\" class=\"wp-block-heading\">Shows (2020)<\/h1>\n\n\n\n<div class=\"wp-block-columns is-layout-flex wp-container-core-columns-is-layout-8f761849 wp-block-columns-is-layout-flex\">\n<div class=\"wp-block-column is-layout-flow wp-block-column-is-layout-flow\">\n<figure class=\"wp-block-embed is-type-video is-provider-youtube wp-block-embed-youtube wp-embed-aspect-16-9 wp-has-aspect-ratio\"><div class=\"wp-block-embed__wrapper\">\n<iframe loading=\"lazy\" title=\"WHAT THE GOLF!? | In zwei Schl\u00e4gen zur Platzreife \ud83c\udfb6\ud83c\udfae Let&#039;s Play Showmasters\" width=\"500\" height=\"281\" src=\"https:\/\/www.youtube.com\/embed\/UxnSRDWXgqE?start=112&#038;feature=oembed\" frameborder=\"0\" allow=\"accelerometer; autoplay; clipboard-write; encrypted-media; gyroscope; picture-in-picture; web-share\" referrerpolicy=\"strict-origin-when-cross-origin\" allowfullscreen><\/iframe>\n<\/div><\/figure>\n<\/div>\n\n\n\n<div class=\"wp-block-column is-layout-flow wp-block-column-is-layout-flow\">\n<figure class=\"wp-block-embed is-type-video is-provider-youtube wp-block-embed-youtube wp-embed-aspect-16-9 wp-has-aspect-ratio\"><div class=\"wp-block-embed__wrapper\">\n<iframe loading=\"lazy\" title=\"DETROIT: BECOME HUMAN | Das Publikum entscheidet! \ud83c\udfb6\ud83c\udfae Let&#039;s Play Showmasters\" width=\"500\" height=\"281\" src=\"https:\/\/www.youtube.com\/embed\/paavAH1rCG0?start=684&#038;feature=oembed\" frameborder=\"0\" allow=\"accelerometer; autoplay; clipboard-write; encrypted-media; gyroscope; picture-in-picture; web-share\" referrerpolicy=\"strict-origin-when-cross-origin\" allowfullscreen><\/iframe>\n<\/div><\/figure>\n<\/div>\n<\/div>\n\n\n\n<div class=\"wp-block-columns is-layout-flex wp-container-core-columns-is-layout-8f761849 wp-block-columns-is-layout-flex\">\n<div class=\"wp-block-column is-layout-flow wp-block-column-is-layout-flow\">\n<figure class=\"wp-block-embed is-type-video is-provider-youtube wp-block-embed-youtube wp-embed-aspect-16-9 wp-has-aspect-ratio\"><div class=\"wp-block-embed__wrapper\">\n<iframe loading=\"lazy\" title=\"DONUT COUNTY | Angriff der ferngesteuerten M\u00fcllschluckl\u00f6cher \ud83c\udfb6\ud83c\udfae Let&#039;s Play Showmasters\" width=\"500\" height=\"281\" src=\"https:\/\/www.youtube.com\/embed\/mu5Na8Kosqs?feature=oembed\" frameborder=\"0\" allow=\"accelerometer; autoplay; clipboard-write; encrypted-media; gyroscope; picture-in-picture; web-share\" referrerpolicy=\"strict-origin-when-cross-origin\" allowfullscreen><\/iframe>\n<\/div><\/figure>\n<\/div>\n\n\n\n<div class=\"wp-block-column is-layout-flow wp-block-column-is-layout-flow\">\n<figure class=\"wp-block-embed is-type-video is-provider-youtube wp-block-embed-youtube wp-embed-aspect-16-9 wp-has-aspect-ratio\"><div class=\"wp-block-embed__wrapper\">\n<iframe loading=\"lazy\" title=\"GRIS | Scheitern in Aquarell \ud83c\udfb6\ud83c\udfae Let&#039;s Play Showmasters\" width=\"500\" height=\"281\" src=\"https:\/\/www.youtube.com\/embed\/G73zrWNqUmU?feature=oembed\" frameborder=\"0\" allow=\"accelerometer; autoplay; clipboard-write; encrypted-media; gyroscope; picture-in-picture; web-share\" referrerpolicy=\"strict-origin-when-cross-origin\" allowfullscreen><\/iframe>\n<\/div><\/figure>\n<\/div>\n<\/div>\n\n\n\n<div class=\"wp-block-columns is-layout-flex wp-container-core-columns-is-layout-8f761849 wp-block-columns-is-layout-flex\">\n<div class=\"wp-block-column is-layout-flow wp-block-column-is-layout-flow\">\n<figure class=\"wp-block-embed is-type-video is-provider-youtube wp-block-embed-youtube wp-embed-aspect-16-9 wp-has-aspect-ratio\"><div class=\"wp-block-embed__wrapper\">\n<iframe loading=\"lazy\" title=\"UNTIL DAWN  | Grusel-Hit mit Live Musik \ud83d\udd79\ufe0f\ud83c\udfb5 Let&#039;s Play Showmasters\" width=\"500\" height=\"281\" src=\"https:\/\/www.youtube.com\/embed\/H4wzZx_tCgg?feature=oembed\" frameborder=\"0\" allow=\"accelerometer; autoplay; clipboard-write; encrypted-media; gyroscope; picture-in-picture; web-share\" referrerpolicy=\"strict-origin-when-cross-origin\" allowfullscreen><\/iframe>\n<\/div><\/figure>\n<\/div>\n\n\n\n<div class=\"wp-block-column is-layout-flow wp-block-column-is-layout-flow\">\n<figure class=\"wp-block-embed is-type-video is-provider-youtube wp-block-embed-youtube wp-embed-aspect-16-9 wp-has-aspect-ratio\"><div class=\"wp-block-embed__wrapper\">\n<iframe loading=\"lazy\" title=\"Laudatio | Let&#039;s Play Showmasters | Hauptpreis | 21-25 Jahre | mb21 | 2019\" width=\"500\" height=\"281\" src=\"https:\/\/www.youtube.com\/embed\/yu0q62_NmkY?start=7&#038;feature=oembed\" frameborder=\"0\" allow=\"accelerometer; autoplay; clipboard-write; encrypted-media; gyroscope; picture-in-picture; web-share\" referrerpolicy=\"strict-origin-when-cross-origin\" allowfullscreen><\/iframe>\n<\/div><\/figure>\n<\/div>\n<\/div>\n\n\n\n<h1 id=\"news\" class=\"wp-block-heading\"><\/h1>\n\n\n\n<h1 id=\"presse\" class=\"wp-block-heading\">Presse<\/h1>\n\n\n\n<p class=\"wp-block-paragraph\" id=\"block-40f0f3f7-e7f4-40d4-9929-71c748389cca\">Sollten Sie weitere Informationen und Materialien ben\u00f6tigen, wenden Sie sich gern an hallo@showmasters.de<\/p>\n\n\n\n<h1 id=\"kontakt-social-media\" class=\"wp-block-heading\">Kontakt &amp; Social Media<\/h1>\n\n\n\n<h3 id=\"mail-hallo-showmasters-de\" class=\"wp-block-heading\">Mail: hallo@showmasters.de<\/h3>\n\n\n\n<h3 id=\"instagram-theshowmasters-de\" class=\"wp-block-heading\">Instagram: <a href=\"https:\/\/www.instagram.com\/theshowmasters\/\">@theshowmasters.de<\/a><\/h3>\n\n\n\n<h3 id=\"youtube-https-www-youtube-com-channel-ucjirrq-3lo8akqpphha0n8g\" class=\"wp-block-heading\">YouTube: <a href=\"https:\/\/www.youtube.com\/channel\/UCJIRRq-3lo8AkqpPHhA0n8g\">https:\/\/www.youtube.com\/channel\/UCJIRRq-3lo8AkqpPHhA0n8g<\/a><\/h3>\n\n\n\n<p class=\"wp-block-paragraph\"><\/p>\n","protected":false},"excerpt":{"rendered":"<p>16+17. Mai 2027 \/\/ Live Show in der Tafelhalle N\u00fcrnberg LET\u2019S PLAY SHOWMASTERS DIE VIDEOSPIEL LATE-NIGHT-SHOW MIT LIVE-MUSIK Powered by DATEV &#8222;Let\u00b4s Play Showmasters&#8220; bringt das digitale Format des Let\u2019s Play auf die Theaterb\u00fchne. In den Live-Shows begleitet das Studiopublikum die Moderatorin und Gamemasterin Greta C\u0103linescu, die den mittelguten Gamer Tim Steinheimer durch vielf\u00e4ltige und [&hellip;]<\/p>\n","protected":false},"author":1,"featured_media":0,"parent":0,"menu_order":6,"comment_status":"closed","ping_status":"closed","template":"","meta":{"_crdt_document":"","_uag_custom_page_level_css":""},"class_list":["post-119","page","type-page","status-publish","hentry"],"uagb_featured_image_src":{"full":false,"thumbnail":false,"medium":false,"medium_large":false,"large":false,"1536x1536":false,"2048x2048":false,"_4096":false,"_3840":false,"_3200":false,"_2560":false,"_1920":false,"_1280":false,"_1024":false,"_768":false,"_512":false,"_265":false,"_32":false},"uagb_author_info":{"display_name":"admin","author_link":"https:\/\/showmasters.de\/author\/admin\/"},"uagb_comment_info":0,"uagb_excerpt":"16+17. Mai 2027 \/\/ Live Show in der Tafelhalle N\u00fcrnberg LET\u2019S PLAY SHOWMASTERS DIE VIDEOSPIEL LATE-NIGHT-SHOW MIT LIVE-MUSIK Powered by DATEV &#8222;Let\u00b4s Play Showmasters&#8220; bringt das digitale Format des Let\u2019s Play auf die Theaterb\u00fchne. In den Live-Shows begleitet das Studiopublikum die Moderatorin und Gamemasterin Greta C\u0103linescu, die den mittelguten Gamer Tim Steinheimer durch vielf\u00e4ltige und&hellip;","grid":"{\"colCount\":12,\"colGutter\":1,\"rowGutters\":[5,5,5],\"frameMargin\":5,\"leftFrameMargin\":0,\"rightFrameMargin\":0,\"topFrameMargin\":0,\"mus\":{\"colGutterMu\":\"%\",\"rowGutterMu\":\"%\",\"topFrameMu\":\"px\",\"bottomFrameMu\":\"%\",\"frameMu\":\"%\"},\"bottomFrameMargin\":0,\"rowAttrs\":[{\"row100vh\":true,\"relid\":1},{\"relid\":3},{\"relid\":6},{\"relid\":5}],\"bgColor\":null,\"bgImage\":{\"attid\":252,\"url\":\"\/wp-content\/uploads\/2026\/03\/DSCF6707.jpg\",\"sizes\":{\"_4096\":{\"w\":4096,\"h\":2731,\"url\":\"\/wp-content\/uploads\/2026\/03\/DSCF6707-4096x2731.jpg\"},\"_3840\":{\"w\":3840,\"h\":2560,\"url\":\"\/wp-content\/uploads\/2026\/03\/DSCF6707-3840x2560.jpg\"},\"_3200\":{\"w\":3200,\"h\":2133,\"url\":\"\/wp-content\/uploads\/2026\/03\/DSCF6707-3200x2133.jpg\"},\"_2560\":{\"w\":2560,\"h\":1707,\"url\":\"\/wp-content\/uploads\/2026\/03\/DSCF6707-2560x1707.jpg\"},\"_1920\":{\"w\":1920,\"h\":1280,\"url\":\"\/wp-content\/uploads\/2026\/03\/DSCF6707-1920x1280.jpg\"},\"_1280\":{\"w\":1280,\"h\":853,\"url\":\"\/wp-content\/uploads\/2026\/03\/DSCF6707-1280x853.jpg\"},\"_1024\":{\"w\":1024,\"h\":683,\"url\":\"\/wp-content\/uploads\/2026\/03\/DSCF6707-1024x683.jpg\"},\"_768\":{\"w\":768,\"h\":512,\"url\":\"\/wp-content\/uploads\/2026\/03\/DSCF6707-768x512.jpg\"},\"_512\":{\"w\":512,\"h\":341,\"url\":\"\/wp-content\/uploads\/2026\/03\/DSCF6707-512x341.jpg\"},\"_265\":{\"w\":265,\"h\":177,\"url\":\"\/wp-content\/uploads\/2026\/03\/DSCF6707-265x177.jpg\"}}},\"bgVideo\":null,\"cont\":[{\"type\":\"img\",\"cont\":\"\/wp-content\/uploads\/2026\/03\/texte2.png\",\"align\":\"middle\",\"row\":0,\"offsetx\":0,\"offsety\":0,\"spaceabove\":0,\"spacebelow\":0,\"yvel\":1,\"relid\":7,\"attid\":276,\"sizes\":{\"full\":\"\/wp-content\/uploads\/2026\/03\/texte2.png\",\"_768\":\"\/wp-content\/uploads\/2026\/03\/texte2-768x543.png\",\"_512\":\"\/wp-content\/uploads\/2026\/03\/texte2-512x362.png\",\"_265\":\"\/wp-content\/uploads\/2026\/03\/texte2-265x187.png\"},\"w\":842,\"h\":595,\"ar\":0.7066508313539193,\"alt\":\"\",\"left\":34.30899001122644,\"width\":31.22496947523281,\"top\":6.279938858445598,\"placeFreely\":true,\"zIndex\":0,\"imagelink\":{\"url\":\"\/tickets-hier-kaufen\/\",\"id\":185,\"type\":\"page\",\"newtab\":false,\"nofollow\":false,\"title\":\"Tickets\",\"hoverimageid\":null,\"hoverimagesmallsrc\":\"\",\"hoverimagetype\":\"\",\"hoverimageposition\":\"\",\"hoverimagepreactivated\":\"\",\"hoverimageshowon\":\"\"},\"textOnElement\":{\"topLeft\":\"\",\"topCenter\":\"\",\"topRight\":\"\",\"leftCenter\":\"\",\"centerCenter\":\"\",\"rightCenter\":\"\",\"bottomLeft\":\"\",\"bottomCenter\":\"\",\"bottomRight\":\"\",\"spaceLeftRight\":10,\"spaceLeftRightMu\":\"px\",\"spaceTopBottom\":10,\"spaceTopBottomMu\":\"px\",\"enableSpacePhone\":false,\"spaceLeftRightPhone\":10,\"spaceLeftRightPhoneMu\":\"px\",\"spaceTopBottomPhone\":10,\"spaceTopBottomPhoneMu\":\"px\",\"verticalOffsetCenter\":0,\"verticalOffsetCenterMu\":\"px\",\"verticalOffsetCenterPhone\":0,\"verticalOffsetCenterPhoneMu\":\"px\",\"darkGradientAtTop\":false,\"darkGradientAtBottom\":false,\"darkGradientAtTopColor\":\"#000000\",\"darkGradientAtBottomColor\":\"#000000\"}},{\"type\":\"img\",\"cont\":\"\/wp-content\/uploads\/2026\/04\/grafiken_0001_Sterne-links.png\",\"align\":\"top\",\"row\":0,\"offsetx\":0,\"offsety\":0,\"spaceabove\":0,\"spacebelow\":0,\"yvel\":1,\"relid\":9,\"attid\":295,\"sizes\":{\"full\":\"\/wp-content\/uploads\/2026\/04\/grafiken_0001_Sterne-links.png\",\"_265\":\"\/wp-content\/uploads\/2026\/04\/grafiken_0001_Sterne-links-265x211.png\"},\"w\":489,\"h\":389,\"ar\":0.7955010224948875,\"alt\":\"\",\"left\":30.64866983179837,\"width\":6.572928498378622,\"top\":3.0633675368215694,\"placeFreely\":true,\"zIndex\":1,\"textOnElement\":{\"topLeft\":\"\",\"topCenter\":\"\",\"topRight\":\"\",\"leftCenter\":\"\",\"centerCenter\":\"\",\"rightCenter\":\"\",\"bottomLeft\":\"\",\"bottomCenter\":\"\",\"bottomRight\":\"\",\"spaceLeftRight\":10,\"spaceLeftRightMu\":\"px\",\"spaceTopBottom\":10,\"spaceTopBottomMu\":\"px\",\"enableSpacePhone\":false,\"spaceLeftRightPhone\":10,\"spaceLeftRightPhoneMu\":\"px\",\"spaceTopBottomPhone\":10,\"spaceTopBottomPhoneMu\":\"px\",\"verticalOffsetCenter\":0,\"verticalOffsetCenterMu\":\"px\",\"verticalOffsetCenterPhone\":0,\"verticalOffsetCenterPhoneMu\":\"px\",\"darkGradientAtTop\":false,\"darkGradientAtBottom\":false,\"darkGradientAtTopColor\":\"#000000\",\"darkGradientAtBottomColor\":\"#000000\"}},{\"type\":\"img\",\"cont\":\"\/wp-content\/uploads\/2026\/04\/grafiken_0002_Sterne-rechts.png\",\"align\":\"middle\",\"row\":0,\"offsetx\":0,\"offsety\":0,\"spaceabove\":0,\"spacebelow\":0,\"yvel\":1,\"relid\":2,\"attid\":296,\"sizes\":{\"full\":\"\/wp-content\/uploads\/2026\/04\/grafiken_0002_Sterne-rechts.png\",\"_265\":\"\/wp-content\/uploads\/2026\/04\/grafiken_0002_Sterne-rechts-265x256.png\"},\"w\":435,\"h\":420,\"ar\":0.9655172413793104,\"alt\":\"\",\"textOnElement\":{\"topLeft\":\"\",\"topCenter\":\"\",\"topRight\":\"\",\"leftCenter\":\"\",\"centerCenter\":\"\",\"rightCenter\":\"\",\"bottomLeft\":\"\",\"bottomCenter\":\"\",\"bottomRight\":\"\",\"spaceLeftRight\":10,\"spaceLeftRightMu\":\"px\",\"spaceTopBottom\":10,\"spaceTopBottomMu\":\"px\",\"enableSpacePhone\":false,\"spaceLeftRightPhone\":10,\"spaceLeftRightPhoneMu\":\"px\",\"spaceTopBottomPhone\":10,\"spaceTopBottomPhoneMu\":\"px\",\"verticalOffsetCenter\":0,\"verticalOffsetCenterMu\":\"px\",\"verticalOffsetCenterPhone\":0,\"verticalOffsetCenterPhoneMu\":\"px\",\"darkGradientAtTop\":false,\"darkGradientAtBottom\":false,\"darkGradientAtTopColor\":\"#000000\",\"darkGradientAtBottomColor\":\"#000000\"},\"left\":76.05362195936446,\"width\":21.4604415292815,\"top\":32.21784834116194,\"placeFreely\":true,\"zIndex\":2}]}","phonegrid":"{\"colCount\":12,\"colGutter\":1,\"rowGutters\":[5],\"frameMargin\":5,\"topFrameMargin\":5,\"rightFrameMargin\":5,\"bottomFrameMargin\":5,\"leftFrameMargin\":5,\"mus\":{\"colGutterMu\":\"%\",\"rowGutterMu\":\"%\",\"topFrameMu\":\"%\",\"bottomFrameMu\":\"%\",\"frameMu\":\"%\"},\"rowAttrs\":[{\"relid\":4},{\"relid\":8}],\"bgColor\":null,\"bgImage\":{\"attid\":252,\"url\":\"\/wp-content\/uploads\/2026\/03\/DSCF6707.jpg\",\"sizes\":{\"_4096\":{\"w\":4096,\"h\":2731,\"url\":\"\/wp-content\/uploads\/2026\/03\/DSCF6707-4096x2731.jpg\"},\"_3840\":{\"w\":3840,\"h\":2560,\"url\":\"\/wp-content\/uploads\/2026\/03\/DSCF6707-3840x2560.jpg\"},\"_3200\":{\"w\":3200,\"h\":2133,\"url\":\"\/wp-content\/uploads\/2026\/03\/DSCF6707-3200x2133.jpg\"},\"_2560\":{\"w\":2560,\"h\":1707,\"url\":\"\/wp-content\/uploads\/2026\/03\/DSCF6707-2560x1707.jpg\"},\"_1920\":{\"w\":1920,\"h\":1280,\"url\":\"\/wp-content\/uploads\/2026\/03\/DSCF6707-1920x1280.jpg\"},\"_1280\":{\"w\":1280,\"h\":853,\"url\":\"\/wp-content\/uploads\/2026\/03\/DSCF6707-1280x853.jpg\"},\"_1024\":{\"w\":1024,\"h\":683,\"url\":\"\/wp-content\/uploads\/2026\/03\/DSCF6707-1024x683.jpg\"},\"_768\":{\"w\":768,\"h\":512,\"url\":\"\/wp-content\/uploads\/2026\/03\/DSCF6707-768x512.jpg\"},\"_512\":{\"w\":512,\"h\":341,\"url\":\"\/wp-content\/uploads\/2026\/03\/DSCF6707-512x341.jpg\"},\"_265\":{\"w\":265,\"h\":177,\"url\":\"\/wp-content\/uploads\/2026\/03\/DSCF6707-265x177.jpg\"}}},\"cont\":[{\"type\":\"img\",\"cont\":\"\/wp-content\/uploads\/2026\/03\/texte2.png\",\"align\":\"bottom\",\"row\":0,\"offsetx\":0,\"offsety\":0,\"spaceabove\":0,\"spacebelow\":0,\"yvel\":1,\"relid\":7,\"attid\":276,\"sizes\":{\"full\":\"\/wp-content\/uploads\/2026\/03\/texte2.png\",\"_768\":\"\/wp-content\/uploads\/2026\/03\/texte2-768x543.png\",\"_512\":\"\/wp-content\/uploads\/2026\/03\/texte2-512x362.png\",\"_265\":\"\/wp-content\/uploads\/2026\/03\/texte2-265x187.png\"},\"w\":842,\"h\":595,\"ar\":0.7066508313539193,\"alt\":\"\",\"zIndex\":0,\"imagelink\":{\"url\":\"\/tickets-hier-kaufen\/\",\"id\":185,\"type\":\"page\",\"newtab\":false,\"nofollow\":false,\"title\":\"Tickets\",\"hoverimageid\":null,\"hoverimagesmallsrc\":\"\",\"hoverimagetype\":\"\",\"hoverimageposition\":\"\",\"hoverimagepreactivated\":\"\",\"hoverimageshowon\":\"\"},\"textOnElement\":{\"topLeft\":\"\",\"topCenter\":\"\",\"topRight\":\"\",\"leftCenter\":\"\",\"centerCenter\":\"\",\"rightCenter\":\"\",\"bottomLeft\":\"\",\"bottomCenter\":\"\",\"bottomRight\":\"\",\"spaceLeftRight\":10,\"spaceLeftRightMu\":\"px\",\"spaceTopBottom\":10,\"spaceTopBottomMu\":\"px\",\"enableSpacePhone\":false,\"spaceLeftRightPhone\":10,\"spaceLeftRightPhoneMu\":\"px\",\"spaceTopBottomPhone\":10,\"spaceTopBottomPhoneMu\":\"px\",\"verticalOffsetCenter\":0,\"verticalOffsetCenterMu\":\"px\",\"verticalOffsetCenterPhone\":0,\"verticalOffsetCenterPhoneMu\":\"px\",\"darkGradientAtTop\":false,\"darkGradientAtBottom\":false,\"darkGradientAtTopColor\":\"#000000\",\"darkGradientAtBottomColor\":\"#000000\"},\"left\":13.379998779296876,\"width\":84.44666748046876,\"top\":12.14666748046875,\"placeFreely\":true},{\"type\":\"img\",\"cont\":\"\/wp-content\/uploads\/2026\/04\/grafiken_0002_Sterne-rechts.png\",\"align\":\"middle\",\"row\":0,\"offsetx\":0,\"offsety\":0,\"spaceabove\":0,\"spacebelow\":0,\"yvel\":1,\"relid\":11,\"attid\":296,\"sizes\":{\"full\":\"\/wp-content\/uploads\/2026\/04\/grafiken_0002_Sterne-rechts.png\",\"_265\":\"\/wp-content\/uploads\/2026\/04\/grafiken_0002_Sterne-rechts-265x256.png\"},\"w\":435,\"h\":420,\"ar\":0.9655172413793104,\"alt\":\"\",\"left\":15.95999755859375,\"width\":8.713333129882812,\"top\":10.03333740234375,\"placeFreely\":true,\"zIndex\":1}],\"bgVideo\":null}","_links":{"self":[{"href":"https:\/\/showmasters.de\/wp-json\/wp\/v2\/pages\/119","targetHints":{"allow":["GET"]}}],"collection":[{"href":"https:\/\/showmasters.de\/wp-json\/wp\/v2\/pages"}],"about":[{"href":"https:\/\/showmasters.de\/wp-json\/wp\/v2\/types\/page"}],"author":[{"embeddable":true,"href":"https:\/\/showmasters.de\/wp-json\/wp\/v2\/users\/1"}],"replies":[{"embeddable":true,"href":"https:\/\/showmasters.de\/wp-json\/wp\/v2\/comments?post=119"}],"version-history":[{"count":0,"href":"https:\/\/showmasters.de\/wp-json\/wp\/v2\/pages\/119\/revisions"}],"wp:attachment":[{"href":"https:\/\/showmasters.de\/wp-json\/wp\/v2\/media?parent=119"}],"curies":[{"name":"wp","href":"https:\/\/api.w.org\/{rel}","templated":true}]}}